nd b?
3
Suppose 1 = 3*q - 20. Suppose -q*f + 11 - 4 = 0. What is the highest common divisor of 1 and f?
1
Let q be -5*(-1 - (-176)/(-20)). Calculate the highest common factor of 14 and q.
7
Suppose 2*b + 0*b - w - 218 = 0, 220 = 2*b - 2*w. Calculate the highest common factor of b and 12.
12
Let k be 4 + (-3 - -4) + -3. What is the highest common divisor of k and 18?
2
Let y(q) = -q**3 - 4*q**2 - 4. Let d be y(-6). Suppose -2*v + d = -2*w, 4*v - 143 = -4*w + w. Calculate the greatest common divisor of 5 and v.
5
Suppose 4*d + a - 295 = 0, -5*d + 110 + 245 = 4*a. Suppose -5*o + 6*o = 5*y + 81, -d = -o - y. What is the highest common factor of o and 19?
19
Let d(i) = i**2 - 2. Let z be d(2). Suppose m - z*m = -4*r - 78, 4*m - r - 387 = 0. What is the highest common divisor of m and 14?
14
Let k = 189 - 135. What is the greatest common divisor of k and 6?
6
Suppose y + 2*y - 69 = 0. Suppose -p + y = -3. What is the highest common divisor of p and 130?
26
Suppose -5*n + 9*n + 24 = 0. Let d be 4/12 - (-254)/n. Let j = d - -60. What is the greatest common factor of j and 12?
6
Let v be 2*(-22 + 3)*-1. Let j be (-6)/8 - v/(-8). Let a be ((-1)/(-2))/(1/16). What is the highest common divisor of j and a?
4
Let b(v) = v**3 + 10*v**2 + 9*v + 3. Let a be b(-9). Suppose a*o - 9*o = -138. What is the greatest common divisor of 184 and o?
23
Let w(j) = j**3 - 3*j**2 + 3*j - 2. Let d be w(3). Let f be (3 - d/3)*144. Calculate the greatest common divisor of 12 and f.
12
Let y be (-5)/(75/(-18))*(53 + 7). Let t be (-4)/10 + (-3)/5. Let d = t + 9. Calculate the highest common factor of d and y.
8
Suppose -2*u - 2*u + 12 = 0. What is the greatest common factor of 3 and u?
3
Let a(t) = -14*t + 3. Let u be a(-3). Suppose -5*i - 3*v = -u, v - 5 = -i + 2. Calculate the highest common divisor of i and 108.
12
Let t be 4/(-1 + (-29)/(-27)). Suppose a + 4*a - 415 = 0. Let b = -47 + a. Calculate the highest common divisor of b and t.
18
Let k be 154/10 - (-2)/(-5). Suppose -2 = -4*v - 14. Let i be 14 + v + 6 + -2. What is the greatest common factor of k and i?
15
Let x = 5 + 3. Let z be -36*(0 - 3/(-2)). Let f be 1/(-1)*-2 - z. What is the greatest common divisor of x and f?
8
Let z = 1 + 14. Let f(s) = 83*s + 1. Let d be f(1). Suppose d - 34 = 5*g. Calculate the greatest common factor of z and g.
5
Let a = 9 - 5. Suppose 0 = 3*q - 2 - a. Suppose w + 11 = q*w. Calculate the greatest common factor of 77 and w.
11
Let t be (-2)/6*(-3 + 0). What is the highest common factor of t and 4?
1
Let b = 60 + -111. Let w = -2 - b. Let c be (4/(-2))/((-2)/w). Calculate the highest common factor of c and 7.
7
Let w be 2/10 - (-956)/20. Suppose 5*o - 86 = -6. What is the greatest common factor of w and o?
16
Suppose -13*x = -6*x - 665. What is the highest common divisor of 19 and x?
19
Suppose 13 = -2*c - 15. Let g = -24 - c. Let s be (-9)/3*g/6. What is the greatest common divisor of s and 15?
5
Let k(u) = u + 60. Let b be k(0). Suppose -z + 5 = 4*a, -2*a - 3*z = -1 - 14. Suppose a = 4*g + 4 - 28. What is the greatest common divisor of b and g?
6
Let y be (-6)/(-4)*(58 - 0). What is the highest common factor of y and 29?
29
Let g = 56 + -28. Suppose 3*i + o - 8 = 0, 0*o = -i + 2*o + 12. Let n be (15/i)/((-6)/(-112)). Calculate the greatest common factor of n and g.
14
Let d be 3*1/(-6)*-10. Suppose -150 = -d*c + 180. Calculate the highest common factor of c and 22.
22
Let w be (-1 + -1)*(-30)/5. Let j(g) = g**3 + 8*g**2 - 3*g - 3. Let d be j(-5). Let h = d + 9. Calculate the highest common divisor of h and w.
12
Let r = 121 + -66. What is the greatest common factor of r and 11?
11
Let q be (11/2)/(7/70). Suppose u + 3*u - 1 = -x, u = x - 6. What is the highest common factor of q and x?
5
Let w(k) = k**3 + 9*k**2 - 10*k + 3. Let d be w(-10). Suppose -d*n - 5*h - 60 = -7*n, -4*h = 5*n - 116. Calculate the highest common divisor of n and 100.
20
Let p = 27 + -23. Let j be 3/(-1 + 22/16). Calculate the greatest common divisor of j and p.
4
Suppose 0 = 4*l + 4*p - 80, -4*p - 20 = -5*l + 44. Suppose -2*n + 0*n - 4 = 0. Let j = 6 - n. What is the highest common divisor of j and l?
8
Let w(r) = 5*r + 6. Let m be w(6). Calculate the highest common divisor of m and 90.
18
Suppose 0 = 5*r - 2*a - 4, 2*a + a + 6 = -r. Let h = r - -2. What is the greatest common divisor of 18 and h?
2
Let v be 4 - (2 - (26 - -5)). Calculate the greatest common divisor of v and 110.
11
Let m be (-154)/(-28) - (-2)/4. Calculate the greatest common factor of 9 and m.
3
Let q(k) = -k**3 - 51. Suppose -4*d + 4*t + 15 - 3 = 0, -2*d = -t - 3. Let w be q(d). Let f be (w/(-6))/(1/2). Calculate the greatest common factor of 17 and f.
17
Let f(v) = 10*v + 1 + 3 - v**2 - 13*v. Let p be f(-3). Suppose 0 = -4*b + 5*y + 154, -3*y = -p*b + 98 + 52. What is the greatest common factor of b and 4?
4
Suppose -2*b + 9 = 3. Suppose 0 = -b*u + 3*w + 30, 2*u + w = 4*u - 22. What is the highest common divisor of 24 and u?
12
Suppose -6*h + 44 = 5*h. What is the highest common factor of h and 4?
4
Suppose 3*m + m = 12. Let n be m/2*8/(-3). Let s be ((-15)/(-10))/((-1)/n). Calculate the highest common factor of 6 and s.
6
Suppose -2*g + 172 - 32 = -c, 3*g - 2*c = 211. Suppose l = 8 + g. What is the highest common factor of 7 and l?
7
Let a be 50/8 - 2/8. Suppose -5 = -3*q + 4. Suppose -p = q*p - 120. What is the greatest common divisor of p and a?
6
Let n = 195 - 135. Calculate the greatest common divisor of n and 24.
12
Let z(n) = n**2 - n. Let j be z(4). What is the highest common factor of 48 and j?
12
Let d be ((-1)/(-2))/((-2)/(-156)). Let z(x) = -x + 12. Let c be z(6). Let g be 1/c - 154/(-12). Calculate the greatest common divisor of d and g.
13
Suppose -h = 2*h - 102. Suppose 0 = -3*i + h + 2. Suppose -a + m - 34 = -2*a, 0 = 2*a - 5*m - 82. Calculate the greatest common factor of a and i.
12
Let q = 1 - 0. Let m be 20 + 0 - (2 - q). Suppose -181 = -2*r + m. What is the greatest common divisor of r and 40?
20
Let v = 7 + -5. Suppose 5 = 5*d, 2*r - 2*d - 36 = v*d. What is the highest common factor of r and 20?
20
Let q(p) = 64*p**3 - 2*p**2 + 4*p - 3. Let l be q(1). What is the highest common divisor of l and 9?
9
Let q be 0/(-3) + 132/11. Calculate the greatest common factor of q and 3.
3
Let y(z) = -z + 15. Let f be y(8). Calculate the greatest common divisor of f and 63.
7
Let h(l) = 5*l + 13. Let r be h(10). Let g = -113 + r. Let i = -29 - g. What is the highest common factor of 3 and i?
3
Suppose j - 53 = -5*z, -7*z + 2*z + 242 = 4*j. Calculate the highest common divisor of 7 and j.
7
Suppose u + 102 = 5*u - 3*h, -94 = -4*u - h. Calculate the highest common factor of 3 and u.
3
Let w(j) = -54*j - 39. Let t be w(-2). What is the highest common factor of 23 and t?
23
Let u = -63 - -83. Calculate the greatest common factor of 160 and u.
20
Suppose 7 - 19 = -3*f. Calculate the highest common divisor of 16 and f.
4
Let x be (-2 + 1)/(2/(-4)). Suppose -x*s + f = -14, 5*f = -4*s + 2*f + 28. Suppose 2*y - 21 = -y. What is the greatest common factor of y and s?
7
Let d be 100/(-35)*7/(-2). Let j be 5*13/d*8. Calculate the greatest common divisor of j and 13.
13
Let a(k) = k**3 + 9*k**2 + 5*k. Let z be a(-9). Let o = 243 + z. Calculate the highest common divisor of 22 and o.
22
Let d be (-219)/(-4) + (-8)/(-32). Calculate the greatest common divisor of 11 and d.
11
Let n(c) = c**3 - 3*c**2 - 8*c + 5. Let d be n(5). What is the highest common factor of d and 10?
5
Let a(w) be the first derivative of 187*w**3/3 - w**2/2 - w - 1. Suppose 6*n + 5 = n. Let c be a(n). What is the highest common factor of 17 and c?
17
Suppose 275 = 4*q - 493. What is the greatest common factor of 24 and q?
24
Suppose -m + 4*c + 1 = 0, -4*c - 3 = -5*m + 2. Let o be 1077/6 + m/2. What is the greatest common divisor of o and 20?
20
Let m(u) = 2*u + 20. Let y be m(-9). Calculate the greatest common divisor of y and 16.
2
Let p = -121 + 163. What is the greatest common divisor of p and 7?
7
Suppose -56 = 7*o - 14*o. What is the greatest common divisor of o and 4?
4
Let u = -164 + 193. What is the greatest common factor of u and 464?
29
Let r(x) = x**2 + 5*x - 3. Let y be r(-6). Let m = 349 + -346. What is the greatest common divisor of m and y?
3
Let k = 13 + 63. 